e the greatest common divisor of y and 60.
20
Let z = 29 - 25. Suppose m + 2 = z. Suppose 0 = y - 6*y + 5*u + 310, -y + m*u + 64 = 0. What is the greatest common factor of y and 12?
12
Let q(f) = 3*f**3 + f**2 - 42*f - 10. Let a be q(9). Calculate the highest common divisor of a and 32.
8
Let r be 3/(-12) - (-1155)/(-4). Let o = -189 - r. Suppose g - 60 = -2*g. Calculate the highest common divisor of g and o.
20
Let k be -2 - -8 - (33 + 35 + -134). What is the highest common divisor of 1824 and k?
24
Let l(d) = -17*d**3 - 16*d**2 + 9. Let k be l(-3). Calculate the greatest common factor of 24 and k.
12
Let f = 4188 + -4068. What is the greatest common factor of 555 and f?
15
Suppose -237*p - q - 17248 = -238*p, 5*p + q = 86264. Calculate the highest common divisor of 152 and p.
76
Suppose o - 6 + 110 = 0. Let s be 9/24 - 23881/o. What is the greatest common divisor of 92 and s?
46
Suppose 0 = 3*a + 3*z - 12, -5*z = -z + 4. Suppose -a*k - 93 = -193. What is the greatest common divisor of 980 and k?
20
Let q(z) = z**3 + 12*z**2 + 21*z - 21. Let f be q(-9). Calculate the highest common divisor of f and 5181.
33
Let l be 1 - -10*(-3)/6. Let t be 994/18 + l/18. Let z(d) = -4*d**2 + 73*d - 63. Let y be z(17). What is the greatest common factor of t and y?
11
Let k be 187 - (-32 + 45 - 10). Let u = 22 + 1. Calculate the greatest common divisor of u and k.
23
Suppose 303*d = -261*d + 2330806 + 420386. Calculate the greatest common divisor of 72 and d.
18
Let q(t) = 24*t - 2. Let k be q(1). Let p be 61*(-11)/(k/12). Let l be 6/(-15) - p/15. Calculate the greatest common divisor of 60 and l.
12
Suppose 135*a - 131*a - 57675 = -3*l, 0 = -3*l - 3*a + 57675. Calculate the highest common divisor of 25 and l.
25
Let k = -19 - -536. Let q be (1*8/2)/((-1380)/(-32430)). Calculate the highest common divisor of k and q.
47
Suppose 283 = -6*o - 3*o + 6493. What is the greatest common divisor of 150 and o?
30
Let v = -358 - -688. Suppose -22*g - 11*g = -v. What is the greatest common factor of 80 and g?
10
Suppose -5*a = -7*c - 1696, -23*a + c + 1678 = -18*a. What is the greatest common divisor of a and 2144?
67
Suppose l + 2*j - 24 = 0, -2*l + 4*j + 97 = 89. Calculate the greatest common divisor of l and 2737.
7
Let g(z) = 94*z - 68. Let k be (-660)/(-162) - 2/27. Let i be g(k). What is the greatest common divisor of i and 56?
28
Suppose 2*k = 4*l + 1622, 4*k + 390*l - 3222 = 387*l. Calculate the highest common divisor of 24 and k.
3
Suppose -2*q + 564 = 360. Calculate the highest common divisor of q and 18.
6
Let z = -32109 - -32499. Calculate the greatest common factor of z and 290.
10
Suppose 0 = -4*s + 8 + 12, 5*q + 15 = 4*s. Calculate the highest common divisor of q and 83.
1
Suppose 4*z - 4 = i - z, 0 = -2*i + 5*z - 8. Let g be 205/9 + (-3)/(54/i). What is the highest common factor of g and 115?
23
Suppose 2*u = 5*b + u + 27, 4*u - 8 = 0. Let c(o) = o**3 + 7*o**2 + 4*o + 13. Let j be c(b). What is the greatest common factor of j and 301?
43
Suppose -110 = -11*k + 154. Let g(y) be the second derivative of y**3/3 + 11*y**2 + 3*y. Let w be g(7). What is the highest common divisor of k and w?
12
Let f(y) = 7*y**3 - 17*y**2 + 20*y - 80. Let b be f(4). Suppose 0 = 5*m + 27 - 137. Calculate the highest common divisor of m and b.
22
Suppose -2*i + o + 1151 = 0, -42*i + 5*o - 1694 = -45*i. Let j = -518 + i. What is the highest common divisor of 10 and j?
5
Let p(q) = -q**3 - 9*q**2 + 9*q - 6. Let l be p(-10). Suppose -7*r + 2*m - 20 = -12*r, l*r = 5*m + 16. Calculate the greatest common divisor of r and 68.
4
Let c be (-1 - (-4175)/15)*(-9)/(-6). Calculate the highest common factor of 96 and c.
32
Let c(s) = 291*s + 4443. Let f be c(23). Calculate the highest common divisor of f and 24.
24
Let j(o) be the first derivative of -o**4/4 + 6*o**3 - 39*o**2/2 - 5*o - 134. Let i be j(13). Calculate the highest common factor of i and 37.
37
Let m be ((-200)/(-32))/(380/69312). What is the greatest common factor of 19095 and m?
285
Suppose 38 = -5*k + 108. Suppose 5*t = k + 6. Let g be 39/4 + (-14)/(-56). Calculate the highest common factor of g and t.
2
Let b be 11865/(-70)*16/(-6). Suppose -4*k - 3*m = -68 - 305, 5*k - m = b. Calculate the greatest common factor of 143 and k.
13
Let l be ((281 - 11)/18)/(2/336). What is the greatest common divisor of l and 648?
72
Suppose 1240 = -8*n + 10*n. Let p = -37012 - -37032. What is the highest common divisor of n and p?
20
Let v(n) = 374*n - 2242. Let g be v(7). Calculate the highest common divisor of 2538 and g.
94
Suppose 0 = -n + 2*m + 2*m - 5, 16 = 2*n + 5*m. Suppose 3*q = 3*c + 12, 10*q + 2*c = 11*q + 1. Calculate the greatest common divisor of n and q.
3
Suppose -4*u + 317 = 5*h, -u = 4*u + 4*h - 403. Suppose 36 = x - u. Calculate the greatest common factor of x and 85.
17
Let y = 7311 + -7232. Calculate the greatest common divisor of 5925 and y.
79
Let g be -1*-22*(-2 + 6). Suppose -8*h - 153 = -3*f, 10*f + h + 48 = 13*f. Calculate the greatest common divisor of g and f.
11
Suppose k + 5*l + 7 = 28, 24 = 2*k + 4*l. Let p(b) = 10*b**2 - 4*b - 8. Let j be p(5). What is the greatest common factor of j and k?
6
Suppose -48 = -c - 4*f, -5*f = -c - 3*c + 150. Let a be c - (-18)/(0 - 3). What is the highest common divisor of a and 85?
17
Let v be 113/339*(6224 + 1). What is the highest common divisor of 166 and v?
83
Let y = -25 - -28. Let a be (y/(-6))/(6/(-12)). Suppose u - 2 = -5*k - a, -2*u = -4*k - 2. Calculate the greatest common factor of u and 1.
1
Let d(v) = 5*v**2 + v - 2. Let j be d(1). Suppose -5*t - 674 = -8*t - s, 0 = j*t + 5*s - 906. What is the highest common factor of t and 32?
32
Let k = -7313 - -7820. Let m = 57 + -18. What is the highest common factor of k and m?
39
Suppose 36073 = 3*d + 12*w - 17*w, -3*d + 36080 = 2*w. Calculate the highest common factor of 14 and d.
14
Suppose -2*i + 296 = 2*a + 38, -5 = 5*i. Suppose a = -5*b - 0*b. Let g = 86 + b. What is the highest common divisor of g and 12?
12
Let g = 48 - 21. Suppose -2*h + 50 = -3*n - 10, h = -4*n + 19. What is the highest common divisor of g and h?
27
Let v be (-708)/18*(-66)/4. Let y = v - 289. What is the greatest common divisor of 144 and y?
72
Suppose -1199 - 2561 = 10*r. Let j = r + 412. What is the greatest common factor of j and 9?
9
Let r be 2172/18 + -1 + 4/(-6). Suppose 3*p + 107 = r. Suppose -4*d + 2*d = 6, -p*c = 3*d - 63. Calculate the greatest common factor of 72 and c.
18
Let t be (-4 - (-12 + 3))*(-4)/(-10). Suppose 0 = -11*k - t*k + 312. What is the greatest common factor of 30 and k?
6
Suppose 5*a + m = 184, -38*m + 37*m = -3*a + 104. What is the greatest common factor of a and 306?
18
Let q be ((-16)/(-10))/(4/13160). Suppose -120*v + q = -106*v. Calculate the highest common divisor of v and 470.
94
Suppose -4*n = 3*p - 152, 0*p + 2*n - 104 = -2*p. Let m be 2134/30 - p/420. What is the highest common divisor of m and 355?
71
Let h = 2254 + -2239. What is the greatest common divisor of 160 and h?
5
Let b = -5162 - -5587. What is the highest common divisor of 765 and b?
85
Let k be (8 + -4)*1*3/6. Let q(i) = 4*i**k + 0*i**2 - 17*i - 5 - 2*i**2 + 0*i**2. Let d be q(9). What is the greatest common factor of d and 32?
4
Let h be (81/(-6))/((-6)/(-8)). Let o be h/(-36)*(5 - 1). Suppose -o*b = -2*x - 2, -b + 4*x = -3*b + 32. Calculate the highest common divisor of 18 and b.
6
Let g be 114/(-8)*32/(-12). Suppose -4*v + 4*a + 204 = 0, -4*a + 2*a - 206 = -4*v. Let c = -33 + v. What is the highest common factor of g and c?
19
Suppose -55*m = -103549 - 33511. Calculate the highest common divisor of m and 56.
28
Let h = -9 + 15. Suppose 5500*s = 5852*s - 26400. What is the highest common factor of h and s?
3
Let o be (-4752)/84*560/(-60). What is the highest common factor of 656 and o?
16
Let o(v) = 7*v**3 - 4*v**2 - v - 34. Let u be o(6). Calculate the greatest common factor of 16 and u.
16
Suppose -994 = 5*o - 59. Let p be (0 - o) + (14 - 9). Calculate the highest common factor of 12 and p.
12
Let s = -887 - -241. Let f = 724 + s. What is the greatest common divisor of f and 24?
6
Let t = 30 - 26. Suppose -4*f + 3*b = -522, 10*b - 5*b - 670 = -5*f. Let i be (-2)/(f/(-128) + 1). Calculate the highest common factor of t and i.
4
Let w = 370